 3. Determine y(7).
-38
Let t(b) = 11*b. Determine t(-1).
-11
Let n(r) = r**2 - 9*r - 3. Determine n(5).
-23
Let f(c) = -39*c**3 + 1. Calculate f(1).
-38
Let x(f) = f**2 + 4*f - 66. What is x(7)?
11
Let x(s) = s**2 - 11*s + 2. Give x(10).
-8
Let p(d) = 2*d**2 + 29*d + 94. Calculate p(-6).
-8
Let b(m) = -12*m + 3. What is b(1)?
-9
Let d(x) = -9*x + 129. Calculate d(13).
12
Let q(b) = b**2 + 8*b + 2. What is q(-10)?
22
Let c(k) = k**3 + 2*k**2 - 18*k + 9. Calculate c(3).
0
Let d(w) = w**3 - 10*w**2 + 14*w + 23. Calculate d(8).
7
Let h(g) = 2*g**2 + 13*g. Give h(-7).
7
Let j(g) = 2*g**2 - 14*g + 47. Determine j(7).
47
Let q(s) = -s**3 + 5*s**2 - s - 14. Give q(4).
-2
Let h(g) = 32*g**2 - 2. Give h(2).
126
Let n(i) = -3*i**2 - 80*i + 127. What is n(-28)?
15
Let x(a) = -2*a**2 + 17*a. Calculate x(8).
8
Let m(t) = 4*t + 38. What is m(-6)?
14
Let h(t) = -4*t - 29. Give h(-23).
63
Let m(x) = 3*x - 25. Give m(5).
-10
Let n(c) = -7*c**3 + c**2 - c - 1. Determine n(1).
-8
Let c(q) = -5*q - 8. Calculate c(-4).
12
Let c(k) = -k**2 + 9*k + 4. Give c(12).
-32
Let w(n) = n**2 - 2*n - 1. Give w(3).
2
Let h(r) = 4*r + 4. Determine h(-5).
-16
Let q(r) = -r - 10. Calculate q(-5).
-5
Let d(j) = 13*j**2 - 5*j + 16. Determine d(3).
118
Let u(t) = 4*t**2 + t. What is u(-1)?
3
Let r(b) = 4*b**2 + 4*b + 2. Give r(-2).
10
Let b(o) = 57*o**3 + 3*o**2 + 2*o + 1. Calculate b(-1).
-55
Let c(i) = -i**2 + 7*i + 1. What is c(12)?
-59
Let z(q) = -59*q + 4. What is z(1)?
-55
Let r(y) = 3*y**2 - 22*y + 17. What is r(7)?
10
Let n(t) = -t - 20. Determine n(11).
-31
Let m(z) = -z**2 + 27*z - 172. Calculate m(12).
8
Let l(f) = f**3 + f**2 - f - 16. Determine l(0).
-16
Let c(w) = -3*w**3 - 30*w**2 - 4*w - 30. Determine c(-10).
10
Let o(w) = -3*w - 4. What is o(4)?
-16
Let x(o) = -o**2 + 25*o - 50. What is x(2)?
-4
Let p(j) = j**3 - 2*j**2 + 5*j + 7. Calculate p(-1).
-1
Let m(r) = r**3 - 10*r**2 - 9*r - 9. Calculate m(11).
13
Let j(q) = 5*q + 99. What is j(-20)?
-1
Let d(h) = 3*h - 16. Calculate d(7).
5
Let i(h) = 2*h + 11. What is i(-5)?
1
Let s(l) = -2*l**2 - 8*l + 36. What is s(5)?
-54
Let l(r) = r**3 - 5*r**2 + r + 1. Calculate l(2).
-9
Let v(n) = n**3 + 5*n**2 - 4*n - 3. Give v(-6).
-15
Let g(i) = -6*i**2 - 52*i + 13. Give g(-9).
-5
Let z(t) = 2*t - 25. What is z(16)?
7
Let h(d) = -d**3 - 11*d**2 + 15*d + 30. Give h(-12).
-6
Let c(l) = l**3 + 15*l**2 + l + 21. Give c(-15).
6
Let n(p) = -p**3 - 4*p**2 - 3*p + 7. Determine n(-4).
19
Let h(p) = -p - 12. What is h(-4)?
-8
Let q(p) = 3*p**2 + p + 1. Calculate q(-2).
11
Let h(f) = 55*f - 91. Calculate h(2).
19
Let x(l) = -l**3 + 2*l**2 + 12*l + 8. Give x(5).
-7
Let j(s) = s**3 + 7*s**2 - 4*s - 17. Give j(-7).
11
Let j(o) = -8*o + 313. What is j(46)?
-55
Let f(c) = -c**3 - 7*c**2 + c + 7. Determine f(-7).
0
Let j(c) = 7*c**2 + 6*c - 4. Give j(2).
36
Let i(v) = 50*v**2 + v. What is i(1)?
51
Let v(d) = -d**2 + 16*d - 56. What is v(9)?
7
Let o(b) = 5*b**2 + 4*b + 4. Determine o(-2).
16
Let p(t) = 17*t - 10. What is p(-3)?
-61
Let o(l) = l**2 + 13*l + 7. What is o(-13)?
7
Let d(u) = u**2 - 18*u - 42. Calculate d(22).
46
Let p(h) = 2*h**2 - 25*h - 24. What is p(13)?
-11
Let z(u) = -u**3 - 17*u**2 + 40*u + 28. What is z(-19)?
-10
Let v(y) = -2*y**3 + 6*y**2 - 8*y + 9. What is v(3)?
-15
Let o(l) = l**3 + 3*l**2 + 8*l + 5. Determine o(-5).
-85
Let p(y) = 10*y**3 - 3*y**2 - 5*y - 3. Give p(-1).
-11
Let h(u) = -2*u**3 + 14*u**2 + 20*u - 33. Calculate h(8).
-1
Let h(i) = -i**2 - 8*i - 10. Give h(-7).
-3
Let c(z) = -7*z + 4. Give c(-3).
25
Let v(b) = 2*b + 7. What is v(0)?
7
Let l(m) = 6*m**2 - 26*m + 4. Calculate l(4).
-4
Let h(u) = 13*u - 1. Give h(5).
64
Let s(a) = 2*a**2 + 11*a - 4. What is s(-5)?
-9
Let s(v) = 2*v**2 - 6*v + 6. What is s(4)?
14
Let g(o) = -o + 19. Give g(14).
5
Let o(u) = u**3 - 13*u**2 + 4. Give o(13).
4
Let r(s) = 17*s**2 + 4*s + 3. Give r(3).
168
Let y(x) = 12*x - 6. Give y(2).
18
Let b(u) = -u**3 + 8*u**2 + 4*u - 13. Determine b(8).
19
Let j(f) = -f**3 - 5*f**2 + 7*f + 3. Calculate j(-6).
-3
Let u(f) = 17*f**2 + 8*f - 9. Determine u(1).
16
Let t(x) = -2*x**3 + 19*x**2 + 31*x + 10. Determine t(11).
-12
Let q(s) = -57*s - 13. Calculate q(-2).
101
Let b(d) = -13*d + 3. Calculate b(-3).
42
Let x(s) = -3*s**2 - 89*s - 481. Calculate x(-7).
-5
Let n(u) = 5*u - 29. What is n(12)?
31
Let t(c) = -4*c + 62. Calculate t(17).
-6
Let u(g) = 2*g**2 + 41*g + 25. Calculate u(-18).
-65
Let h(y) = -y**2 - 18*y - 22. Determine h(-16).
10
Let k(b) = -b + 36. Calculate k(10).
26
Let n(f) = -f**2 - 4*f + 7. Calculate n(-5).
2
Let w(h) = 15*h - 2. Calculate w(-2).
-32
Let w(r) = r - 12. Give w(7).
-5
Let x(p) = -p**3 - 21*p**2 - 52*p + 20. Give x(-18).
-16
Let o(a) = a**2 + 75*a + 1382. What is o(-34)?
-12
Let a(z) = z**3 + 5*z**2 + 3*z - 4. Give a(-4).
0
Let v(u) = u - 2. Give v(0).
-2
Let t(v) = -v**3 - 10*v**2 - 3*v - 9. Give t(-10).
21
Let i(a) = -a**2 + 8*a - 2. Determine i(8).
-2
Let i(t) = 2*t + 25. What is i(-15)?
-5
Let w(r) = r**2 + 9*r + 8. Give w(0).
8
Let f(j) = 2*j + 13. What is f(-4)?
5
Let l(c) = -2*c**3 - c**2 - 2*c - 1. Give l(0).
-1
Let w(s) = 2*s**2 - 24*s - 21. Give w(13).
5
Let q(m) = -22*m**2 - 2*m + 1. What is q(1)?
-23
Let x(n) = n**3 - 8*n**2 + 9*n - 13. Give x(7).
1
Let a(m) = m + 2. Give a(1).
3
Let y(i) = 2*i**2 + 36*i + 40. Determine y(-16).
-24
Let c(v) = -13*v**3 + 2*v**2 - v. Give c(1).
-12
Let o(l) = l**2 + 21*l - 41. Give o(-21).
-41
Let c(q) = -q**3 - 9*q**2 + 5*q - 11. Determine c(-10).
39
Let h(j) = 2*j**2 + 5*j - 7. Determine h(-3).
-4
Let i(k) = k**2 - 4*k - 14. Give i(6).
-2
Let k(u) = -u**3 - 4*u**2 + 3*u + 5. Calculate k(-6).
59
Let v(u) = 3*u + 22. Give v(-6).
4
Let b(q) = -8*q**2 - q - 35. What is b(0)?
-35
Let k(o) = -o**2 - 2*o - 9. Calculate k(-5).
-24
Let k(a) = a**3 - 13*a**2 + 18*a - 17. Determine k(12).
55
Let h(s) = -3*s**2 - 10*s - 6. Calculate h(-4).
-14
Let j(i) = i**2 + 24*i + 19. Determine j(-22).
-25
Let q(m) = -m**2 - 11*m + 44. Calculate q(-14).
2
Let b(k) = 5*k**2 + 11*k - 4. What is b(-3)?
8
Let p(z) = 8*z + 87. Calculate p(0).
87
Let a(x) = 7*x**2. What is a(1)?
7
Let v(n) = n**2 - 5*n - 11. Give v(6).
-5
Let a(b) = 10*b - 4. What is a(-6)?
-64
Let a(q) = -3*q**2 + 7*q + 14. Calculate a(3).
8
Let z(i) = i**3 - 9*i**2 - 10*i + 6. Determine z(10).
6
Let n(f) = 4*f + 4. What is n(-10)?
-36
Let a(c) = c**2 - 10*c + 5. Determine a(10).
5
Let d(j) = -j**3 + 2*j**2 - j - 2. What is d(-2)?
16
Let b(p) = -4*p**3 + p**2 - 2*p - 2. Determine b(-1).
5
Let z(w) = w**3 - 28*w**2 + 33. Calculate z(28).
33
Let y(j) = -j - 3. Determine y(-6).
3
Let t(z) = -2*z**2 + 50*z - 300. What is t(15)?
0
Let x(j) = 11*j + 8. Give x(-6).
-58
Let t(z) = 3*z**2 - 5*z - 34. Determine t(5).
16
Let m(a) = a**3 - 4*a**2 + a + 11. Determine m(0).
11
Let p(b) = b**2 + 11*b. Calculate p(-8).
-24
Let l(x) = x**3 - 9*x**2 + 9*x - 1. Calculate l(7).
-36
Let x(n) = -13*n**2 + 3*n. Determine x(2).
-46
Let j(q) = 4*q + 5. Calculate j(-3).
-7
Let u(o) = o**3 - 3*o**2 - 15*o - 5. Determine u(6).
13
Let z(a) = -3*a**3 - a - 4. Determine z(-2).
22
Let o(v) = v**3 + 3*v**2 - v + 9. What is o(-4)?
-3
Let c(t) = 7*t**3 - 4*t**2 + 3*t. Give c(2).
46
Let f(u) = -u**2 + 18*u + 12. Give f(18).
12
Let k(y) = 5*y - 3. What is k(-1)?
-8
Let v(g) = -g**2 - 12*g + 39. Give v(-17).
-46
Let m(a) = -2*a**2 + 21*a - 41. Calculate m(7).
8
Let w(p) = -2*p + 4. Determine w(8).
-12
Let j(f) = f**3 - 9*f**2 + f - 12. Determine j(9).
-3
Let b(j) = -j**2 + 8*j + 26. Determine b(13).
-39
Let b(o) = -20*o**3 + 2*o**2 - 1. Calculate b(-1).
21
Let s(a) = a**2 + 13*a + 12. Calculate s(-10).
-18
Let o(g) = g**2 - 47*g + 11. Give o(0).
11
Let l(o) = o + 25. Determine l(-17).
8
Let f(b) = -b**2 + 3*b + 14. Calculate f(5).
4
Let w(n) = -3*n + 8. What is w(-6)?
26
Let m(f) = f**3 - 10*f**2 + 11*f + 18. Determine m(8).
-22
Let l(v) = 2*v - 36. What is l(17)?
-2
Let j(x) = x**3 + 19*x**2 - 21*x - 15. What is j(-20)?
5
Let d(n) = -2*n - 17. What is d(-5)?
-7
Let i(u) = -u**2 - 4*u + 9. What is i(-5)?
4
Let t(k) = 198*k - 587. Determine t(3).
7
Let d(v) = 11*v + 128. Calculate d(-9).
29
Let w(y) = y**3 + 7*y**2 + y. What is w(-7)?
-7
Let c(v) = -34*v - 183. Determine c(-5).
-13
Let o(q) = -q**3 - 13*q**2 + 14*q - 3. Give o(-14).
-3
Let o(w) = -w**3 - 49*w**2 + 5